 15
-2
What is -131 (base 5) in base 14?
-2d
202 (base 4) to base 15
24
What is -9 (base 16) in base 6?
-13
Convert -3 (base 5) to base 16.
-3
Convert 0 (base 9) to base 13.
0
Convert 21 (base 5) to base 9.
12
Convert 2330 (base 4) to base 7.
356
-120 (base 7) to base 3
-2100
Convert -2 (base 10) to base 15.
-2
-1 (base 3) to base 5
-1
What is 1 (base 12) in base 3?
1
1002 (base 5) to base 6
331
Convert 7 (base 13) to base 8.
7
266 (base 11) to base 15
15e
c (base 13) to base 10
12
What is -20 (base 15) in base 3?
-1010
55 (base 11) to base 16
3c
296 (base 10) to base 13
19a
What is -1 (base 12) in base 2?
-1
Convert 5 (base 10) to base 5.
10
-1 (base 12) to base 6
-1
What is -36 (base 9) in base 7?
-45
1 (base 6) to base 16
1
45 (base 7) to base 11
30
b (base 15) to base 11
10
Convert 34 (base 6) to base 11.
20
Convert -3 (base 13) to base 9.
-3
2 (base 4) to base 12
2
-1 (base 7) to base 9
-1
Convert 15 (base 10) to base 13.
12
What is -1031 (base 4) in base 3?
-2212
Convert 31 (base 7) to base 8.
26
21 (base 4) to base 16
9
What is -4 (base 15) in base 2?
-100
-110 (base 3) to base 15
-c
-11 (base 13) to base 4
-32
a6 (base 16) to base 10
166
-61 (base 8) to base 5
-144
Convert 3 (base 10) to base 15.
3
What is 4 (base 11) in base 14?
4
-4 (base 13) to base 16
-4
Convert -44 (base 13) to base 11.
-51
-44 (base 7) to base 14
-24
Convert 79 (base 12) to base 9.
113
What is 12 (base 7) in base 2?
1001
3 (base 16) to base 2
11
Convert -13 (base 15) to base 8.
-22
Convert 1022 (base 3) to base 12.
2b
Convert -32 (base 7) to base 15.
-18
Convert 53 (base 9) to base 10.
48
36 (base 16) to base 7
105
What is 64 (base 9) in base 13?
46
Convert 0 (base 4) to base 16.
0
What is -8 (base 13) in base 3?
-22
What is -114 (base 6) in base 3?
-1201
Convert -6 (base 13) to base 15.
-6
What is -322 (base 4) in base 15?
-3d
What is -40 (base 9) in base 11?
-33
4 (base 9) to base 4
10
-5 (base 13) to base 4
-11
What is 20 (base 11) in base 2?
10110
What is 14e (base 15) in base 6?
1215
Convert -1 (base 12) to base 6.
-1
Convert 34 (base 7) to base 13.
1c
What is 4 (base 12) in base 2?
100
Convert 0 (base 7) to base 4.
0
Convert -162 (base 7) to base 16.
-5d
What is 1 (base 16) in base 4?
1
Convert -10 (base 12) to base 15.
-c
-79 (base 13) to base 4
-1210
What is -1a (base 11) in base 12?
-19
156 (base 7) to base 6
230
Convert 3 (base 12) to base 7.
3
What is 423 (base 6) in base 12?
113
148 (base 9) to base 7
236
411 (base 5) to base 7
211
-1111 (base 3) to base 15
-2a
Convert 1 (base 13) to base 4.
1
Convert -1201 (base 3) to base 5.
-141
Convert 1 (base 5) to base 4.
1
Convert -1202 (base 3) to base 13.
-38
Convert 3010 (base 4) to base 11.
169
-272 (base 9) to base 14
-123
5 (base 11) to base 2
101
What is -1102 (base 3) in base 10?
-38
Convert 4c (base 13) to base 2.
1000000
-1001111 (base 2) to base 9
-87
What is -25 (base 12) in base 5?
-104
Convert -100 (base 3) to base 12.
-9
What is 1000 (base 2) in base 10?
8
Convert 2 (base 11) to base 14.
2
Convert 3 (base 7) to base 9.
3
5 (base 9) to base 11
5
Convert 0 (base 15) to base 12.
0
Convert -1 (base 10) to base 4.
-1
What is -102 (base 5) in base 3?
-1000
Convert 1 (base 10) to base 9.
1
What is 52 (base 12) in base 15?
42
-10 (base 15) to base 7
-21
Convert -1 (base 12) to base 4.
-1
Convert 5 (base 14) to base 5.
10
20 (base 6) to base 12
10
-52 (base 11) to base 2
-111001
What is -23 (base 7) in base 13?
-14
-15 (base 9) to base 6
-22
Convert 10 (base 3) to base 2.
11
Convert 1 (base 11) to base 8.
1
What is -23 (base 4) in base 14?
-b
What is -40 (base 7) in base 5?
-103
-110 (base 5) to base 12
-26
What is -22 (base 14) in base 2?
-11110
100 (base 8) to base 12
54
21 (base 4) to base 10
9
-2 (base 7) to base 2
-10
What is -14 (base 7) in base 10?
-11
What is -7 (base 10) in base 3?
-21
What is -3 (base 5) in base 10?
-3
Convert -10 (base 9) to base 8.
-11
Convert 2 (base 6) to base 3.
2
What is -b (base 12) in base 9?
-12
Convert 3 (base 5) to base 8.
3
Convert -25 (base 6) to base 10.
-17
Convert 10 (base 10) to base 14.
a
-12 (base 9) to base 15
-b
Convert 67 (base 16) to base 10.
103
Convert 3 (base 10) to base 15.
3
What is -38 (base 11) in base 4?
-221
Convert 7 (base 14) to base 4.
13
-8 (base 16) to base 14
-8
Convert 3120 (base 4) to base 12.
160
1211 (base 5) to base 10
181
What is -7 (base 8) in base 12?
-7
What is 21 (base 6) in base 15?
d
Convert -115 (base 6) to base 8.
-57
Convert -11 (base 7) to base 6.
-12
What is 5 (base 9) in base 8?
5
Convert 3 (base 15) to base 5.
3
Convert -14 (base 6) to base 12.
-a
Convert 11 (base 12) to base 5.
23
What is 6 (base 15) in base 5?
11
a7 (base 12) to base 13
9a
Convert 10 (base 2) to base 11.
2
What is 47 (base 15) in base 10?
67
Convert 10 (base 14) to base 11.
13
What is -3 (base 12) in base 15?
-3
1 (base 6) to base 4
1
What is 41 (base 12) in base 10?
49
Convert -2121 (base 3) to base 7.
-130
Convert 204 (base 7) to base 15.
6c
What is 10 (base 4) in base 13?
4
1 (base 13) to base 11
1
Convert -201 (base 7) to base 9.
-120
What is -31 (base 5) in base 14?
-12
What is 0 (base 16) in base 13?
0
What is 13 (base 6) in base 15?
9
What is -7 (base 15) in base 10?
-7
Convert -42 (base 10) to base 14.
-30
What is 20 (base 3) in base 16?
6
What is -11 (base 11) in base 15?
-c
-10101 (base 3) to base 14
-67
-26 (base 9) to base 3
-220
What is -73 (base 9) in base 6?
-150
What is 12 (base 3) in base 10?
5
Convert -1d (base 16) to base 8.
-35
What is -1 (base 15) in base 6?
-1
13 (base 9) to base 3
110
-5 (base 7) to base 9
-5
What is -9 (base 16) in base 11?
-9
What is 212 (base 7) in base 8?
153
What is 110000 (base 2) in base 15?
33
What is -6 (base 8) in base 3?
-20
What is -340 (base 5) in base 10?
-95
Convert 114 (base 11) to base 8.
210
Convert 1 (base 3) to base 10.
1
What is 3a (base 12) in base 13?
37
Convert -62 (base 12) to base 3.
-2202
Convert 4 (base 8) to base 13.
4
Convert 320 (base 4) to base 6.
132
What is -40 (base 7) in base 10?
-28
What is 3 (base 4) in base 12?
3
Convert 0 (base 3) to base 12.
0
What is -40 (base 11) in base 13?
-35
-32 (base 9) to base 4
-131
-1 (base 8) to base 9
-1
-1 (base 9) to base 13
-1
What is -3 (base 13) in base 2?
-11
Convert -21 (base 4) to base 15.
-9
What is -a0 (base 12) in base 2?
-1111000
Convert -231 (base 5) to base 7.
-123
What is -3 (base 15) in base 16?
-3
104 (base 6) to base 14
2c
-5 (base 8) to base 10
-5
What is -6 (base 14) in base 6?
-10
What is -11 (base 3) in base 5?
-4
Convert -12 (base 4) to base 16.
-6
1010 (base 2) to base 14
a
What is -1011 (base 2) in base 14?
-b
-a (base 15) to base 4
-22
10a (base 12) to base 16
9a
What is 13 (base 7) in base 14?
a
What is 20 (base 14) in base 6?
44
Convert -135 (base 13) to base 4.
-3111
What is -20 (base 16) in base 15?
-22
Convert -10200 (base 3) to base 16.
-63
-21 (base 9) to base 3
-201
What is 34 (base 11) in base 6?
101
What is -7 (base 9) in base 13?
-7
0 (base 4) to base 5
0
-17 (base 13) to base 4
-110
-62 (base 11) to base 13
-53
Convert -2 (base 6) to base 15.
-2
What is -11d (base 14) in base 13?
-142
100 (base 2) to base 5
4
41 (base 16) to base 2
1000001
Convert -7 (base 11) to base 9.
-7
What is 63 (base 7) in base 5?
140
What is 2 (base 4) in base 9?
2
-7 (base 14) to base 7
-10
What is -4a (base 12) in base 2?
-111010
Convert 1 (base 4) to base 5.
1
7 (base 14) to base 6
11
What is -3 (base 11) in base 3?
-10
Convert 1 (base 2) to base 9.
1
What is 45 (base 6) in base 4?
131
Convert 2 (base 13) to base 2.
10
What is -2 (base 5) in base 10?
-2
21 (base 11) to base 6
35
Convert -16 (base 15) to base 11.
-1a
Convert -9 (base 10) to base 4.
-21
-4 (base 9) to base 11
-4
What is 44 (base 12) in base 6?
124
-13 (base 11) to base 10
-14
-27 (base 11) to base 12
-25
What is 41 (base 9) in base 13?
2b
Convert 310 (base 5) to base 10.
80
What is 6 (base 9) in base 3?
20
-25 (base 12) to base 2
-11101
Convert -13 (base 16) to base 3.
-201
What is -1321 (base 4) in base 8?
-171
-7 (base 11) to base 15
-7
3 (base 6) to base 3
10
3 (base 4) to base 11
3
Convert 2 (base 6) to base 3.
2
What is 1 (base 16) in base 14?
1
Convert 226 (base 8) to base 4.
2112
-16 (base 11) to base 3
-122
c (base 13) to base 2
1100
Convert 0 (base 8) t